002?
-220201
In base 14, what is 331 + -1d?
312
In base 10, what is 58 + 527?
585
In base 9, what is -770 - 502?
-1372
In base 10, what is -33264 + 2?
-33262
In base 14, what is -4a6 + -27?
-4cd
In base 8, what is 16420 + -7?
16411
In base 13, what is -8b1 + -51?
-932
In base 9, what is 2436 - 110?
2326
In base 4, what is 1223003332 + 0?
1223003332
In base 16, what is 1472 - 3?
146f
In base 2, what is -1000110 + -11000110?
-100001100
In base 3, what is 10102 - 122012020?
-122001211
In base 11, what is -14a2 - -299?
-1204
In base 15, what is 38 - -5?
3d
In base 3, what is 0 + -20021020202?
-20021020202
In base 12, what is 1392 + 35?
1407
In base 4, what is -11 - -232001312?
232001301
In base 13, what is -1165 + -61?
-11c6
In base 10, what is -12 - -4547?
4535
In base 3, what is 1210221 - 12100?
1121121
In base 15, what is 10b7b - 3?
10b78
In base 2, what is 1000001101111 + -110010?
1000000111101
In base 15, what is -7 - -6cc?
6c5
In base 14, what is 4 + 21195?
21199
In base 5, what is -4 - -242220?
242211
In base 3, what is 202001 - 11000220?
-10021212
In base 2, what is -1110110111101 - -1011010000?
-1101011101101
In base 10, what is 1088 - -570?
1658
In base 4, what is 1 - 200003?
-200002
In base 15, what is c + 246?
253
In base 14, what is 2ad + 2b9?
588
In base 15, what is -c5c2 + c?
-c5b5
In base 7, what is 41364 - 136?
41225
In base 15, what is -82ad - -5?
-82a8
In base 11, what is 1726 - -838?
2463
In base 3, what is -10 + -102120122110?
-102120122120
In base 14, what is 0 - -c23?
c23
In base 12, what is -8 - -30a?
302
In base 6, what is -2 + 13354401?
13354355
In base 3, what is 1 - -1020011110?
1020011111
In base 3, what is -12 + -1012100201?
-1012100220
In base 9, what is 118 - -202?
321
In base 11, what is 3866 - -23?
3889
In base 6, what is 14344 + -31?
14313
In base 11, what is -47815 + 7?
-47809
In base 16, what is 18 - 1235?
-121d
In base 14, what is -ba8c - -58?
-ba34
In base 9, what is -6103 - 0?
-6103
In base 2, what is -101001010101 + -11000?
-101001101101
In base 8, what is -1 + 1641535?
1641534
In base 11, what is 307 + 78?
384
In base 9, what is -34 - -672?
637
In base 14, what is 5 - -ba09?
ba10
In base 9, what is 13 - 8?
4
In base 11, what is 4 + 811a1?
811a5
In base 9, what is 163 - 1022?
-748
In base 14, what is -6 - 84a3?
-84a9
In base 14, what is -51 - -1942?
18d1
In base 11, what is 5 - 1a818?
-1a813
In base 4, what is -333213132 - -1?
-333213131
In base 3, what is 1112 + 11201202?
11210021
In base 4, what is 1212020 + -10?
1212010
In base 13, what is -91 - 3b7c?
-3c40
In base 3, what is 1220011102 - -201?
1220012010
In base 5, what is 31 - -34430?
40011
In base 14, what is 30401 + 3?
30404
In base 8, what is 1 + 770714?
770715
In base 4, what is -210112002 + -11?
-210112013
In base 15, what is -26 + -4d6?
-50c
In base 14, what is -10 + -44b2?
-44c2
In base 6, what is -102 + 132405?
132303
In base 12, what is -b851 + 2?
-b84b
In base 12, what is 9 - -5676?
5683
In base 7, what is 2 - 11621531?
-11621526
In base 16, what is 20c + -d4?
138
In base 4, what is 112131 - -13103?
131300
In base 14, what is 41 - -5417?
5458
In base 4, what is -3112331122 + 1?
-3112331121
In base 14, what is 11 - 118d?
-117c
In base 13, what is 15 - -48?
60
In base 6, what is 1351401 + -2?
1351355
In base 7, what is -1 - 3365102?
-3365103
In base 10, what is 4562 - 113?
4449
In base 5, what is -2 - -1313242?
1313240
In base 12, what is 304a72 + 4?
304a76
In base 8, what is 5 + 16462?
16467
In base 9, what is -8 + 31374?
31365
In base 16, what is -8 + -2270?
-2278
In base 7, what is -115 - -630?
512
In base 3, what is 10202 - 200000210?
-122220001
In base 16, what is 2ab - -b?
2b6
In base 3, what is -12 + 2001102110?
2001102021
In base 2, what is 1001 - 1101110001011111?
-1101110001010110
In base 16, what is -7e2 - -c7?
-71b
In base 3, what is -200 + -10100121?
-10101021
In base 13, what is -52 - -bb5?
b63
In base 10, what is -3575865 + 4?
-3575861
In base 8, what is -1 + -17602?
-17603
In base 15, what is -223 - -52?
-1c1
In base 5, what is 1344211404 + 4?
1344211413
In base 12, what is -31587 + -31?
-315b8
In base 11, what is 9799 - 15?
9784
In base 9, what is 6672862 - 4?
6672857
In base 9, what is -60504 - 21?
-60525
In base 5, what is 1 - -2401313?
2401314
In base 9, what is 5 - 434535?
-434530
In base 11, what is 0 + -a479?
-a479
In base 10, what is 715 + 28?
743
In base 12, what is -3a9315 + 2?
-3a9313
In base 8, what is 143 - 5246?
-5103
In base 11, what is -34a0 + 19?
-3482
In base 14, what is 781c + -2?
781a
In base 14, what is -1 + 1bb61?
1bb60
In base 6, what is -1030 - 25023?
-30053
In base 2, what is 1 - 101111011110?
-101111011101
In base 12, what is -10 + -4817?
-4827
In base 16, what is 129d - -a?
12a7
In base 2, what is -100000010100100000 - 1011?
-100000010100101011
In base 12, what is -2956 + -16?
-2970
In base 10, what is 152853 + 5?
152858
In base 2, what is -111011111001110 - -100?
-111011111001010
In base 12, what is 6 - 7a5?
-79b
In base 8, what is -13 - 11756?
-11771
In base 7, what is -214 - -24413?
24166
In base 5, what is 113310 - 2?
113303
In base 6, what is 1231 - 12432?
-11201
In base 9, what is -822380 - -4?
-822375
In base 11, what is 3623a7 + -4?
3623a3
In base 14, what is -14 + -12dc?
-1312
In base 4, what is -130033022 - 1?
-130033023
In base 8, what is -261236 + -4?
-261242
In base 14, what is -d9 - 247d?
-2578
In base 4, what is 11 + 3020211331?
3020212002
In base 7, what is -3334405 - -5?
-3334400
In base 13, what is -1 + 7820?
781c
In base 9, what is 4 + -10486?
-10482
In base 15, what is -13 + 574?
561
In base 13, what is 11 - 10ac4?
-10ab3
In base 3, what is -2101010 + 1122222?
-201011
In base 4, what is -133111 + 31?
-133020
In base 16, what is 3 + 6ef1e?
6ef21
In base 8, what is 3065 + -225?
2640
In base 12, what is 89 + -2a1b9?
-2a130
In base 3, what is -22 + 1020001212?
1020001120
In base 8, what is 37 - -1435?
1474
In base 4, what is 1002 + -223032?
-222030
In base 4, what is 1222011 + 33?
1222110
In base 9, what is -2 - 52358?
-52361
In base 4, what is 10002 + -322?
3020
In base 13, what is -91 - a98?
-b59
In base 12, what is -37b0 - -a?
-37a2
In base 11, what is -305801 - 3?
-305804
In base 11, what is 161 + 677?
828
In base 5, what is -10 + 1003100?
1003040
In base 2, what is 1001100 - -11001101111100?
11001111001000
In base 8, what is 3733 - -54?
4007
In base 2, what is 1 + -10110110000100?
-10110110000011
In base 13, what is 4 - -60b9?
60c0
In base 15, what is -19e6c + 5?
-19e67
In base 7, what is 334 - -3226?
3563
In base 14, what is -dd - -8a?
-53
In base 8, what is -5342744 + -1?
-5342745
In base 13, what is 1 + 11b34b?
11b34c
In base 14, what is -4 + -28817?
-2881b
In base 9, what is 15 - 22770?
-22754
In base 15, what is 5abc - -5?
5ac2
In base 15, what is -37bc5 + -2?
-37bc7
In base 6, what is 1051 - 122402?
-121311
In base 4, what is -100030 + -2?
-100032
In base 14, what is -2289 - -52?
-2237
In base 8, what is -76 - 25401?
-25477
In base 9, what is 0 - -766112?
766112
In base 5, what is 3333 - 1322?
2011
In base 9, what is 36050 + -5?
36044
In base 8, what is 3 + -26474?
-26471
In base 8, what is -655750 - 4?
-655754
In base 11, what is -15aa9 + -7?
-16005
In base 3, what is -21221200102 + 1?
-21221200101
In base 15, what is -3426 - -56?
-33c0
In base 6, what is -434 + 312?
-122
In base 5, what is 203412 + -2?
203410
In base 13, what is -1790 + 40?
-1750
In base 10, what is 0 + 11153?
11153
In base 9, what is -23 + 65528?
65505
In base 6, what is 144450441 + -3?
144450434
In base 15, what is 9 + -ad23?
-ad19
In base 3, what is 1120101112200 - 1?
1120101112122
In base 2, what is 110011 + 11001000111011?
11001001101110
In base 3, what is -1111200 + -210221?
-2022121
In base 14, what is -277 - 77?
-310
In base 11, what is -1 - -393386?
393385
In base 13, what is a8 - a9b?
-9c3
In base 4, what is 3031311 + -1?
3031310
In base 11, what is 41040 + -4?
41037
In base 13, what is -ba428 + 5?
-ba423
In base 4, what is 11311122103 - -2?
11311122111
In base 4, what is 11211 - -112?
11323
In base 14, what is 198 + 41b?
5b5
In base 3, what is -10102112112 + 1?
-10102112111
In base 13, what is -1b817 - 5?
-1b81c
In base 9, what is -324 + 275?
-38
In base 13, what is 1879 - -12?
188b
In base 